
Let o be -1*(1 - 16) + -3. Suppose o*x + 130 = 14*x. What is the tens digit of x?
6
Suppose -5*q - 2695 = -2*i, i + 3*q - 1385 = -2*q. What is the hundreds digit of i?
3
What is the units digit of (-9 + 2)/(100/(-24100))?
7
Suppose -6500*t = -6505*t + 7735. What is the tens digit of t?
4
Suppose 7*f = 12*f - 1895. What is the units digit of f?
9
Let y = -38 - -54. Let a be (125/2)/(8/y). Suppose 3*c - a = -2*c. What is the units digit of c?
5
Let n(b) = b + 10. Let x = -10 - -2. Let l be n(x). Suppose 0 = -5*i + 4*a + 40 + 26, 5*i - 68 = l*a. What is the units digit of i?
4
Suppose -m - 5*f = -180, 5*m - 808 = -4*f + 2*f. Suppose m = 4*l - 96. Suppose -p - p = -l. What is the units digit of p?
2
Suppose 0*v - v = 5*k - 52, 5*k = 3*v + 44. Suppose 5*l = 10*l - k. What is the units digit of ((-96)/(-60))/(l/40)?
2
Suppose 2*u = -u. Let o be (-15)/10 + (-56)/(-16). Suppose u = -d + o + 3. What is the units digit of d?
5
Let w(u) = -u**3 + 32*u**2 - 20*u - 40. What is the hundreds digit of w(16)?
7
Suppose 23 = 3*y - 4*b - 7, -4*y - 4*b = -68. What is the hundreds digit of 1*(-413)/y*(-1 - 5)?
1
Suppose 7*z = 4*v + 4*z + 25, -4*v + 4*z = 20. What is the units digit of (-6)/v + 8996/65?
9
Let a be (143 - (3 + -3))*1. Suppose a = -5*m + 948. What is the tens digit of m?
6
Let f(n) = -n + 8. Let s be 3/2 + (-5)/(-2). Suppose 0 = -o + 4*u + 1, 0*u + 22 = s*o + 2*u. What is the units digit of f(o)?
3
What is the units digit of 80 + 2/((-14)/(-4) + -3)?
4
Let s = -4 - -8. Let g be (-8)/16 + (-54)/s. Let k = g - -21. What is the units digit of k?
7
Let o(m) = 9*m**2 - 16*m - 223. What is the units digit of o(-10)?
7
Suppose -4*m + 4*q = -5432, 4*m = q + 514 + 4909. What is the hundreds digit of m?
3
Suppose -4*f + 0*f + 20 = 0. Suppose 0 = -f*r + 10, -2*a + 2*r = -0*r. Suppose -a*w = -59 - 33. What is the tens digit of w?
4
Suppose 2*f + 1974 = 5*a - 0*a, 5*f - 15 = 0. Suppose -a = -6*u + 594. What is the tens digit of u?
6
Let l be (45/10)/(3/2). What is the tens digit of (-3)/(l - 0)*-86?
8
Suppose -4*x - 12 - 4 = 0, 146 = 5*q + x. Let z be (-2)/(-6) - q/(-18). Suppose z*i - 7 - 49 = 0. What is the units digit of i?
8
Let c be 2*(-2)/12 - 406/(-21). Suppose 0 = 15*t - c*t + 108. What is the units digit of t?
7
Let x = -61 + -12. Let m = 96 + x. What is the units digit of m?
3
Let n = -9 + -4. Let t(p) = p**2 + p + 10. What is the tens digit of t(n)?
6
Let v(d) = d. Let w be v(6). Let k(o) = 2*o + 0 - 1 + 4 + 3. What is the tens digit of k(w)?
1
What is the thousands digit of 20/110 + 104628/22?
4
Let y(s) = -64*s + 386. What is the tens digit of y(-6)?
7
Let u(b) = 74*b + 26. What is the units digit of u(3)?
8
Suppose 2*b = -3*s - 22, -1 = -2*s + 4*b - 21. Let o(k) = -7*k - 9. What is the units digit of o(s)?
7
Let v(f) = f**3 - 8*f**2 - 16*f - 135. What is the units digit of v(15)?
0
Suppose 6 - 2 = 2*x. Suppose x*b - 4 = 6. Suppose 211 = b*i + 3*s, -3*i + 4*s + 113 = -s. What is the tens digit of i?
4
Let t(g) = -2*g**3 - 13*g**2 + 4*g + 14. What is the units digit of t(-9)?
3
Let k(m) = -m - 8. Let i be (1 + 1)/((-1)/(-2)). Suppose -a = -i*a - 30. What is the units digit of k(a)?
2
Let p(h) = h**3 - h**2 + h + 1. Let b be p(3). Suppose -390 = -4*m - b. What is the tens digit of m?
9
Suppose -4*t + 2*f + 18 = 0, 55 = 5*t + 2*f + 19. Suppose t*n - 2*n - 152 = 0. What is the units digit of n?
8
Let i(l) = l**3 - 5*l**2 + 17*l - 23. What is the hundreds digit of i(13)?
5
Suppose 2502 = 12*d - 7734. What is the tens digit of d?
5
Let k = 18 - 46. Let l = 34 + k. What is the units digit of l?
6
Suppose -p = -6*p. Suppose 5*k - 3*b = -0*k - 180, -3*k + 4*b - 119 = p. What is the units digit of 1 - (-1 + -2) - k?
7
Suppose 2*p - 6 = 4. Suppose -2*x = -5*a - 89, -a = -p*x + 3*a + 214. Let o = x - 26. What is the units digit of o?
6
Suppose 20*b - 18*b + 4*q = 1852, 4*b + 2*q = 3698. What is the units digit of b?
4
Let g(a) = 7*a**2 + 13*a - 75. What is the hundreds digit of g(15)?
6
Let u(l) = l. Let p be u(2). Suppose 129 = -p*h - h. Let w = 69 + h. What is the tens digit of w?
2
Suppose -5*i - 3965 = -5*a, 2 - 3 = -i. What is the units digit of a?
4
Let v(w) = -w**2 - 3*w + 4. Suppose -2 = -2*c, -9 = 2*g + c - 4*c. Let q be v(g). Suppose q*z = 45 + 43. What is the units digit of z?
2
Let o = -1554 - -4968. What is the thousands digit of o?
3
Let r(f) = 8*f**3 + 3*f**2 + 3*f. Let x(j) = -8*j**3 - 4*j**2 - 4*j. Let v(k) = -6*r(k) - 5*x(k). What is the units digit of v(-1)?
8
Let d be (-8)/(-20) - 36/(-10). Suppose 0 = -3*s + 2*w - 4 + 3, -d*s - 6 = -5*w. What is the tens digit of (-3 + s)/(-2)*25?
2
Let d = 1 - -4. Suppose -2*h + 5*u + 4 = 0, -2*h = 3*h + 3*u - 10. Let b = d - h. What is the units digit of b?
3
Let w(p) = -2*p**3 + 7*p**2 + 9*p - 11. What is the hundreds digit of w(-5)?
3
Suppose -60 = -4*v - 5*i + 236, 5*i = -5*v + 375. Let z = v - -30. What is the tens digit of z?
0
Suppose 0 = m + 5*l - 2554, 5443 + 2201 = 3*m - 3*l. What is the tens digit of m?
4
Let o(i) = i**3 - 24*i**2 + 18*i - 28. Let g be o(23). Let k = g + 203. What is the tens digit of k?
6
Let p be (-11 - -7) + (-737 - -1). What is the units digit of 1/(-3) - p/15?
9
Suppose -5*s - 3*o = -2886, 0*o = -3*s - 3*o + 1728. Let y = 183 - s. What is the units digit of 1/(-3*2/y)?
6
Let a = -35 + 174. Let b = a + -52. What is the units digit of b?
7
Let u = -9 - -6. Let d be (15/(-9))/(1/u). Suppose d*c - 106 + 31 = 0. What is the units digit of c?
5
Let d = -55 + 53. What is the units digit of 130 + (d - -4) + -1 + 1?
2
Suppose 7*c = 31*c - 40800. What is the thousands digit of c?
1
Let a(i) = -i**2 + 16*i + 48. Let q be a(14). Suppose q = h + 7. What is the tens digit of h?
6
Let i = -2 - -5. Let h be (54/12)/((18/4)/3). Suppose 4*b = 2*r + 11 - i, -4*b - h*r = -28. What is the units digit of b?
4
Let j(b) = -b**2 - 3*b + 109. Suppose 0 = -5*x + u + 4, 4*x - 3*u - 13 = -1. What is the units digit of j(x)?
9
Suppose -40*k + 63387 = 12187. What is the units digit of k?
0
What is the tens digit of ((-312)/(-5))/(232/(-60) - -4)?
6
What is the units digit of (-1)/((-5)/(-10)*(-4)/1502)?
1
What is the units digit of (-3314)/(-1*(-6 - -8))?
7
Suppose 4*n - 4*m = 8, -4*n + m = -5*n - 8. What is the units digit of n + -1 - (-192 - -23)?
5
What is the units digit of 828/(-10)*(-10)/4?
7
Let t be 0*(2 - 10/4). Suppose t*j + 4*j - 661 = w, 0 = -5*j + w + 825. What is the tens digit of j?
6
Let m(p) = -3*p - 9. What is the units digit of m(-29)?
8
Let c(a) = -a - a - 11 + 3*a. Let y be c(14). Suppose 0 = r - u - y, 2*u = -4*r + 1 + 29. What is the units digit of r?
6
Suppose 0*p = -p - 4*f + 17, -4*f = -3*p + 19. What is the hundreds digit of ((-786)/(-18))/(3/p)?
1
Suppose -3*l - 300 = -2031. What is the tens digit of l?
7
Suppose -2*h - h + 4098 = 0. What is the units digit of h?
6
Let k = 34 - 27. Suppose -v + 536 = k*v. What is the units digit of v?
7
Suppose 0*q + 14 = 5*t - q, -t - 3*q - 10 = 0. Suppose -t*b = -4*o - 140, -2*o - 2 = 6. What is the units digit of b?
2
Suppose -4*q = -3*g + 275, -5*q = -0*g - 3*g + 271. Let o = g + -59. Let y = o + 4. What is the tens digit of y?
4
Let p = 101 + -88. Suppose p*s = -1495 + 5837. What is the hundreds digit of s?
3
Let a = 410 - -2. What is the tens digit of a?
1
Suppose 0 = -2*x + 2, -3*x = 3*n - 862 - 20. What is the units digit of n?
3
What is the hundreds digit of (-20)/(-35)*-1 - 5562/(-7)?
7
Let y(n) = -5*n - 4. Let o be y(-6). Let u = -23 + o. Suppose u*f - 9 = -0. What is the units digit of f?
3
Suppose -255 = -2*m - 61. Let u = m + -37. Suppose 3*d + u - 20 = p, -5*p = 4*d - 143. What is the tens digit of p?
3
Suppose 6*x + d = 7*x + 55, 232 = -4*x + d. Let o = x - -136. What is the units digit of o?
7
Let a be (-8)/(-15 - -7) - 258/(-2). Let d = a + -65. What is the tens digit of d?
6
Let x(w) = w**3 - 9*w**2 + 3*w - 13. Let m be x(9). Let u = 13 - m. What is the tens digit of (-6 + (-4)/1)/u?
1
Let a(j) = j**2 + 1. Let r(s) = 6*s**2 - 13*s + 17. Let t(k) = -3*a(k) + r(k). What is the tens digit of t(8)?
0
Let w(o) = 6*o + 14. Let z be w(2). Let r = 17 + z. What is the units digit of r?
3
Let a(k) = k + 1. Let r(i) = -2*i - 5. Let y(t) = 3*a(t) + r(t). Let x be y(4). What is the tens digit of (-290)/15*(-3)/x?
2
Let v(j) = -j**2 